 = -c**3 - 7*c**2 - 9*c - 8. Let o be v(-6). Suppose -2*u + u = o. What are the prime factors of (-214)/u + (-6)/(-10)?
2, 11
Let r(k) = -2*k - 10. Let o(n) = -3*n + 13. Let t be o(7). List the prime factors of r(t).
2, 3
What are the prime factors of (30/(-5))/((-2)/9)?
3
Let j(r) be the first derivative of r**4/4 - 5*r**3/3 + r**2 - 7*r + 2. Let t be j(5). List the prime factors of (1 + -7)*t/(-9).
2
Suppose a + m - 155 = 226, 0 = 5*a + m - 1885. List the prime factors of a.
2, 47
Suppose 2*l = -3*d - 24, 3*l + 36 = 3*d - 4*d. Let v = l - -18. Suppose -v*f + 2*f + 22 = 3*x, -x - f + 8 = 0. What are the prime factors of x?
2, 5
Suppose 25 = 3*f + 4*m, 0 = 5*f - 3*m + 8*m - 35. Suppose f*l = 34 + 8. What are the prime factors of l?
2, 7
What are the prime factors of (-227)/(-7) + 8/14?
3, 11
Suppose 0 = h + 8 - 2. Let b = h + 49. What are the prime factors of b?
43
Let x = -7 + 7. Suppose 4*f - 32 = -x*f. List the prime factors of 8/f*(23 + -1).
2, 11
Let q = 74 - 42. Let d = -9 + q. List the prime factors of d.
23
Let d = 120 - 10. What are the prime factors of d?
2, 5, 11
Suppose -c - o = c + 16, 0 = -2*c - 2*o - 18. Let q be (-1)/((-3)/48 - 0). Let k = q + c. What are the prime factors of k?
3
Suppose -4*m + 2*g = -24, m + 0*g - 9 = 2*g. Suppose m*u + 14 = 54. List the prime factors of u.
2
Let g be 4/14 + (-24)/(-14). Suppose 3*b = 3*n, -n - 6 + 2 = -g*b. Suppose 6 = -2*q + b*q. What are the prime factors of q?
3
What are the prime factors of 336/9*6/4?
2, 7
Let x be (-5 - -2)/((-2)/2). Suppose -x*y + 2*y = 0. Suppose y = 5*z - 0 - 60. List the prime factors of z.
2, 3
Let j(u) = u**2 + 6*u - 5. Let r be j(-7). Suppose 2*s - 20 = r*i, -5*s + 3*s - i + 32 = 0. List the prime factors of s.
2, 7
Suppose -3*a + 2*m - 5*m = 0, -4*m = -2*a + 6. Let y(d) = 3*d**3 - d**2. List the prime factors of y(a).
2
Let i = 14 - -4. List the prime factors of i.
2, 3
Let r(y) = y**3 + 9*y**2 - y - 5. Let g be r(-9). Suppose 60 = g*t - 84. What are the prime factors of t?
2, 3
Suppose 14 = -5*f - 1. Let r be (f/(-3) - 3) + 5. Suppose 0 = 5*x - 5, 0*u - 2*x = r*u - 8. What are the prime factors of u?
2
Let w(d) = -d - 7. Let f be w(0). Let u = -3 - f. Suppose -2*v - u*y - 8 = -0*v, -4*y = -5*v + 36. List the prime factors of v.
2
Let x be (7 - 0)/((-1)/(-3)). Let q = x - 13. What are the prime factors of q?
2
Suppose 8 = 4*u - 44. Suppose -6 = -2*f, u = 5*x - f + 1. What are the prime factors of x?
3
Suppose 3*k + 0*k + 85 = -2*s, 4*s = k + 5. What are the prime factors of ((-70)/k)/(1/5)?
2, 7
List the prime factors of (22 - 20) + 137 + (1 - 1).
139
List the prime factors of 26/(-12)*4*-3.
2, 13
Let n = 10 - 12. Let c(j) = 10*j**2 - 2*j - 1. List the prime factors of c(n).
43
Suppose 4*n = 3*t + 24 - 93, -t + 16 = n. List the prime factors of t.
19
Let z(j) = -8*j**2 + 2*j - 1. Let p(v) = -24*v**2 + 6*v - 3. Let n(k) = -2*p(k) + 7*z(k). Let a be n(1). Let t = 15 + a. What are the prime factors of t?
2
Suppose 4*s - 5*m - 320 = 0, -400 = -5*s + 3*m - m. List the prime factors of s.
2, 5
List the prime factors of (-10 - 6)*2/(-4).
2
Let v = 30 + 244. What are the prime factors of v?
2, 137
Let m = -6 - -11. Let w be (m - 2) + (0 - 1). List the prime factors of w/(-3)*(-5 + -1).
2
Let y be (-1)/(-2) - 7/(-2). Let u = 8 - y. What are the prime factors of u?
2
Suppose 6*g = 4*g. Suppose 3*n + g = 24. What are the prime factors of n?
2
Let o = -4 + 8. Suppose -o*i + 22 = -3*i. List the prime factors of i.
2, 11
Let p(z) = -2*z + 4*z**2 - 2*z + z**3 + 3 - z. Let h(q) = -q**2 - 5. Let g be h(0). What are the prime factors of p(g)?
3
Let j = 7 + -5. Suppose 3*n - 1 = j. List the prime factors of ((-10)/(-25))/(n/35).
2, 7
Suppose -i + 10 = -24. What are the prime factors of i?
2, 17
Let a be (-2)/15*-3*-5. Let d(h) = -h - 2. Let k be d(a). Suppose -3*l + l + 20 = k. List the prime factors of l.
2, 5
Let t(l) = 35*l**2 - 1. List the prime factors of t(-1).
2, 17
Let z(s) = 14*s**3 + 3*s**2 - 4*s - 1. List the prime factors of z(2).
5, 23
Let f be (1 - (-3)/3) + -2. Suppose 5*h - d - 97 = f, -h = -5*h - 2*d + 86. List the prime factors of h.
2, 5
Let y = 5 - 5. Suppose 4*l = i + 118, 3*l + 2*i + y*i = 94. Suppose -g = 2*g - l. List the prime factors of g.
2, 5
Suppose -3*v - 40 = v. Let d be 8*2 + (5 - 4). Let k = v + d. What are the prime factors of k?
7
Let a = 209 - 83. List the prime factors of a.
2, 3, 7
Let m(p) = -8*p - 5. What are the prime factors of m(-3)?
19
Let k = -2 + 7. Let u be (-1 - 1)*k/(-2). List the prime factors of u + (-1)/(-3 - -2).
2, 3
Let s(f) = 8*f**3 - 6*f**2 + 7*f - 6. List the prime factors of s(3).
3, 59
Suppose 3*f - 4 = -l, -4*l + 46 = 3*f - 6. Let u = -4 + 6. Suppose -u*n - 4 = -l. List the prime factors of n.
2, 3
Suppose 21 + 134 = 5*y. List the prime factors of y.
31
Let k = -19 + 52. Suppose 27 = u - 0*u - 2*b, 2*u + 3*b = k. What are the prime factors of u?
3, 7
Let u be (-6)/(-1) - (0 + 3). Suppose u*w = -2*n + 91, -3*w + 125 = 2*w - 2*n. List the prime factors of w.
3
Suppose 0 = -2*i + 6*i - 3*d - 124, 5*i = 2*d + 148. List the prime factors of i.
2, 7
Let z(i) = 13*i - 1. List the prime factors of z(1).
2, 3
Let g(z) = 7*z**3 - 8*z**3 + 5*z + 2 - 4*z**2 + 0. Let j be g(-4). List the prime factors of (16/(-3))/(12/j).
2
Let g be (-3)/6*2 + -15. Let t = g - -41. What are the prime factors of t?
5
Suppose 0 = 2*g - 3*g + 1, 2*g = -t + 26. List the prime factors of t.
2, 3
Let f = 19 + 15. What are the prime factors of f?
2, 17
Let h = 23 + 108. What are the prime factors of h?
131
Suppose -4*s + 8 - 1 = 3*g, -14 = 2*s - 2*g. Let p = s - -5. Suppose 0 = t - 4 - p. What are the prime factors of t?
7
Suppose -3*u = -15, -v - 2*u + 88 = -22. Suppose b = -4, -b - v = -5*q + 4*b. What are the prime factors of q?
2
Suppose -j - 3 = 2*j. Let w(m) = 10*m**3 - m. Let n be w(j). Let v = 13 + n. What are the prime factors of v?
2
Let s be -4 + (0 - (-4 - 43)). Let y = -23 + s. List the prime factors of y.
2, 5
Let y be (-2)/1*(-209)/(-22). What are the prime factors of (y/(-57))/(1/27)?
3
Let y = -134 - -196. What are the prime factors of y?
2, 31
Suppose -5*m + 15 = -5. Suppose -v = -l - 0*v + 5, -3*l + m*v + 13 = 0. What are the prime factors of l?
7
Suppose 6*p - 3*p = 228. Let n = -35 + p. What are the prime factors of n?
41
Suppose 0 = 3*i + 12, -5*c + 3*i = -26 - 61. List the prime factors of c.
3, 5
List the prime factors of 17 - (6/(-2) + 4).
2
Suppose 4*m = -5*r + 24, -5*r = -r - m - 15. Suppose r*l = 6*l - 50. List the prime factors of l.
5
Suppose -2*c = -2*h - 12 - 0, 5*c = -2*h + 9. Suppose -c*t + 54 = -t. List the prime factors of t.
3
Let g(v) be the second derivative of 5*v**3/6 - v**2/2 - 2*v. Let o(l) = -l**3 - 3*l**2 - 4*l - 2. Let y be o(-2). List the prime factors of g(y).
3
List the prime factors of 44/1 + (-9)/(36/8).
2, 3, 7
Let d(j) = -j**2 - 7*j - 5. Suppose 0 = -2*r + 8 - 22. Let x = -11 - r. What are the prime factors of d(x)?
7
Let v(i) = -i**3 - 5*i**2 - 7. Let a = -15 - -9. List the prime factors of v(a).
29
List the prime factors of 1 + (-4 - (4 + -41)).
2, 17
Let k(p) = 2*p**2 + 3*p - 1. Let t be k(4). Suppose 5*i - t = 72. List the prime factors of i.
23
Let c(d) be the second derivative of d**2 + 1/6*d**4 - d + 0 - 7/6*d**3. What are the prime factors of c(5)?
17
Let t(n) = -n**2 + n. Let c be ((-9)/(-3) - 0) + -3. Let z be t(c). Suppose z = 3*v - 6 - 39. List the prime factors of v.
3, 5
Suppose 0 = -3*k - 1 + 34. Let t(q) = -q**2 + 14*q - 9. What are the prime factors of t(k)?
2, 3
Let q(v) = v - 16. Let w be q(12). What are the prime factors of -2*w/(-8)*-8?
2
Suppose 4*f = -0*f + 12. Suppose -2*g - f = -3*g. Suppose 0*a = g*a - 15. What are the prime factors of a?
5
Let f = -6 + 4. What are the prime factors of 0 - f - 0/(-4)?
2
Let d = 77 - 49. What are the prime factors of d?
2, 7
Let t(b) = b**3 + 2*b**2 + b + 5. What are the prime factors of t(6)?
13, 23
Suppose 0 = h + h - 60. Suppose v + 9 - h = 0. What are the prime factors of v?
3, 7
Let n(g) = -g**2 - 25. Let j be n(0). Let a = j + 42. What are the prime factors of a?
17
Let f(s) = 2*s**3 - s**2 - 2*s - 3. What are the prime factors of f(3)?
2, 3
Suppose -3*r - 189 = -i - r, 0 = -r - 3. What are the prime factors of i?
3, 61
Let x = -30 - -4